{"id":35,"date":"2022-06-08T12:03:41","date_gmt":"2022-06-08T10:03:41","guid":{"rendered":"http:\/\/cirquedesmirages.fr\/?page_id=35"},"modified":"2024-01-18T15:13:56","modified_gmt":"2024-01-18T14:13:56","slug":"videos","status":"publish","type":"page","link":"https:\/\/cirquedesmirages.fr\/?page_id=35","title":{"rendered":"Vid\u00e9os"},"content":{"rendered":"\n<p>Clip &#8220;La porte de l&#8217;inconnu&#8221;<\/p>\n\n\n\n<figure class=\"wp-block-video\"><video height=\"720\" style=\"aspect-ratio: 1280 \/ 720;\" width=\"1280\" controls poster=\"http:\/\/cirquedesmirages.fr\/wp-content\/uploads\/2024\/01\/Capture-decran-2024-01-16-a-09.25.48.png\" src=\"http:\/\/cirquedesmirages.fr\/wp-content\/uploads\/2024\/01\/La-porte-de-linconnu.mp4\"><\/video><\/figure>\n\n\n\n<p class=\"has-small-font-size\">Un clip r\u00e9alis\u00e9 par <a href=\"https:\/\/www.facebook.com\/micacreation?__cft__[0]=AZWeErYyiz1y5scMFRbvPj-VjMoHuxUKCQd4o4gHE9ey2pkW68d8YWpz1MWPvKKCIzjYU6dqYFbgkIs4zbNDTDe-Pfx5LbX0qI0YrNVZrJ1gD6sivAAJCczkc0Qw0q8Rzl-yEodxuvqpF-G5LdLDUyUqi_vL6V5T2i4JmgYExYUKG_jnZSDH2zKRz9UiKgorawc&amp;__tn__=-]K-R\" target=\"_blank\" rel=\"noreferrer noopener\">Micha\u00ebl Terraz<\/a><br>Pour <a href=\"https:\/\/www.facebook.com\/CirqueDesMirages?__cft__[0]=AZWeErYyiz1y5scMFRbvPj-VjMoHuxUKCQd4o4gHE9ey2pkW68d8YWpz1MWPvKKCIzjYU6dqYFbgkIs4zbNDTDe-Pfx5LbX0qI0YrNVZrJ1gD6sivAAJCczkc0Qw0q8Rzl-yEodxuvqpF-G5LdLDUyUqi_vL6V5T2i4JmgYExYUKG_jnZSDH2zKRz9UiKgorawc&amp;__tn__=-]K-R\" target=\"_blank\" rel=\"noreferrer noopener\">Le Cirque des Mirages<\/a> avec <a href=\"https:\/\/www.facebook.com\/arthurhofficial?__cft__[0]=AZWeErYyiz1y5scMFRbvPj-VjMoHuxUKCQd4o4gHE9ey2pkW68d8YWpz1MWPvKKCIzjYU6dqYFbgkIs4zbNDTDe-Pfx5LbX0qI0YrNVZrJ1gD6sivAAJCczkc0Qw0q8Rzl-yEodxuvqpF-G5LdLDUyUqi_vL6V5T2i4JmgYExYUKG_jnZSDH2zKRz9UiKgorawc&amp;__tn__=-]K-R\" target=\"_blank\" rel=\"noreferrer noopener\">arthur h.<\/a><br>Production : @AliceCaron &#8211; Au pays des Merveilles Production<br>Chef Op\u00e9rateur : @NicolaDa<br>Maquillage : Elodie Barrat<br>Danseuses : <a href=\"https:\/\/www.facebook.com\/profile.php?id=100008979977723&amp;__cft__[0]=AZWeErYyiz1y5scMFRbvPj-VjMoHuxUKCQd4o4gHE9ey2pkW68d8YWpz1MWPvKKCIzjYU6dqYFbgkIs4zbNDTDe-Pfx5LbX0qI0YrNVZrJ1gD6sivAAJCczkc0Qw0q8Rzl-yEodxuvqpF-G5LdLDUyUqi_vL6V5T2i4JmgYExYUKG_jnZSDH2zKRz9UiKgorawc&amp;__tn__=-]K-R\" target=\"_blank\" rel=\"noreferrer noopener\">Oc\u00e9ane L\u00e9ger<\/a>, M\u00e9gane Saboy-Alrex<br>Com\u00e9dien : <a href=\"https:\/\/www.facebook.com\/06a4550b40f7e5965b398d71c5132dab?__cft__[0]=AZWeErYyiz1y5scMFRbvPj-VjMoHuxUKCQd4o4gHE9ey2pkW68d8YWpz1MWPvKKCIzjYU6dqYFbgkIs4zbNDTDe-Pfx5LbX0qI0YrNVZrJ1gD6sivAAJCczkc0Qw0q8Rzl-yEodxuvqpF-G5LdLDUyUqi_vL6V5T2i4JmgYExYUKG_jnZSDH2zKRz9UiKgorawc&amp;__tn__=-]K-R\" target=\"_blank\" rel=\"noreferrer noopener\">Pascal Parizot<\/a><br>Musiciens\/circassiens : Julien Mnz, Yann Athanase, @DenisDenis, Jules Lefran\u00e7ois, Fran\u00e7ois Juarez, Guillaume Dutrieux<br>Montage : <a href=\"https:\/\/www.facebook.com\/micacreation?__cft__[0]=AZWeErYyiz1y5scMFRbvPj-VjMoHuxUKCQd4o4gHE9ey2pkW68d8YWpz1MWPvKKCIzjYU6dqYFbgkIs4zbNDTDe-Pfx5LbX0qI0YrNVZrJ1gD6sivAAJCczkc0Qw0q8Rzl-yEodxuvqpF-G5LdLDUyUqi_vL6V5T2i4JmgYExYUKG_jnZSDH2zKRz9UiKgorawc&amp;__tn__=-]K-R\" target=\"_blank\" rel=\"noreferrer noopener\">Micha\u00ebl Terraz<\/a><br>Storyboard : <a href=\"https:\/\/www.facebook.com\/micacreation?__cft__[0]=AZWeErYyiz1y5scMFRbvPj-VjMoHuxUKCQd4o4gHE9ey2pkW68d8YWpz1MWPvKKCIzjYU6dqYFbgkIs4zbNDTDe-Pfx5LbX0qI0YrNVZrJ1gD6sivAAJCczkc0Qw0q8Rzl-yEodxuvqpF-G5LdLDUyUqi_vL6V5T2i4JmgYExYUKG_jnZSDH2zKRz9UiKgorawc&amp;__tn__=-]K-R\" target=\"_blank\" rel=\"noreferrer noopener\">Micha\u00ebl Terraz<\/a><br>Directeur d\u2019animation Igor Tsvetkov<br>Artistes animation Igor Tsvetkov et Anton Fedoseev<br>Texte : Yanowski<br>Musique : <a href=\"https:\/\/www.facebook.com\/fredparkeraliotti?__cft__[0]=AZWeErYyiz1y5scMFRbvPj-VjMoHuxUKCQd4o4gHE9ey2pkW68d8YWpz1MWPvKKCIzjYU6dqYFbgkIs4zbNDTDe-Pfx5LbX0qI0YrNVZrJ1gD6sivAAJCczkc0Qw0q8Rzl-yEodxuvqpF-G5LdLDUyUqi_vL6V5T2i4JmgYExYUKG_jnZSDH2zKRz9UiKgorawc&amp;__tn__=-]K-R\" target=\"_blank\" rel=\"noreferrer noopener\">Fred Parker Aliotti<\/a> \/ Yanowski<br>Arrangements et direction d\u2019orchestre : Fred Parker Aliotti<br>Avec le soutien du @CNC &#8211; Centre National de l\u2019image et du jeu vid\u00e9o<\/p>\n\n\n\n<p class=\"has-small-font-size\"><a href=\"https:\/\/www.youtube.com\/channel\/UCFJAAXsytIFXSl0NQY3nk_A\" data-type=\"URL\" data-id=\"https:\/\/www.youtube.com\/channel\/UCFJAAXsytIFXSl0NQY3nk_A\" target=\"_blank\" rel=\"noreferrer noopener\">La cha\u00eene YouTube du Cirque des Mirages<\/a><\/p>\n\n\n\n<figure class=\"wp-block-embed is-type-video is-provider-youtube wp-block-embed-youtube wp-embed-aspect-16-9 wp-has-aspect-ratio\"><div class=\"wp-block-embed__wrapper\">\n<iframe loading=\"lazy\" title=\"Le cirque des mirages - C&#039;est encore nous LIVE\" width=\"525\" height=\"295\" src=\"https:\/\/www.youtube.com\/embed\/kyceyDNoM7s?feature=oembed\" frameborder=\"0\" allow=\"accelerometer; autoplay; clipboard-write; encrypted-media; gyroscope; picture-in-picture; web-share\" referrerpolicy=\"strict-origin-when-cross-origin\" allowfullscreen><\/iframe>\n<\/div><\/figure>\n\n\n\n<figure class=\"wp-block-embed is-type-video is-provider-youtube wp-block-embed-youtube wp-embed-aspect-4-3 wp-has-aspect-ratio\"><div class=\"wp-block-embed__wrapper\">\n<iframe loading=\"lazy\" title=\"Le Cirque des Mirages - L&#039;amour \u00e0 mort (live)\" width=\"525\" height=\"394\" src=\"https:\/\/www.youtube.com\/embed\/uPT7LNbBN54?feature=oembed\" frameborder=\"0\" allow=\"accelerometer; autoplay; clipboard-write; encrypted-media; gyroscope; picture-in-picture; web-share\" referrerpolicy=\"strict-origin-when-cross-origin\" allowfullscreen><\/iframe>\n<\/div><\/figure>\n\n\n\n<figure class=\"wp-block-embed is-type-video is-provider-youtube wp-block-embed-youtube wp-embed-aspect-16-9 wp-has-aspect-ratio\"><div class=\"wp-block-embed__wrapper\">\n<iframe loading=\"lazy\" title=\"Le Cirque des Mirages - Le Trou Dans La T\u00eate\" width=\"525\" height=\"295\" src=\"https:\/\/www.youtube.com\/embed\/neNGjd7fYrA?feature=oembed\" frameborder=\"0\" allow=\"accelerometer; autoplay; clipboard-write; encrypted-media; gyroscope; picture-in-picture; web-share\" referrerpolicy=\"strict-origin-when-cross-origin\" allowfullscreen><\/iframe>\n<\/div><\/figure>\n\n\n\n<figure class=\"wp-block-embed is-type-video is-provider-youtube wp-block-embed-youtube wp-embed-aspect-4-3 wp-has-aspect-ratio\"><div class=\"wp-block-embed__wrapper\">\n<iframe loading=\"lazy\" title=\"Le Cirque des Mirages - Le fonctionnaire (live)\" width=\"525\" height=\"394\" src=\"https:\/\/www.youtube.com\/embed\/zXgh0dDpQx4?feature=oembed\" frameborder=\"0\" allow=\"accelerometer; autoplay; clipboard-write; encrypted-media; gyroscope; picture-in-picture; web-share\" referrerpolicy=\"strict-origin-when-cross-origin\" allowfullscreen><\/iframe>\n<\/div><\/figure>\n","protected":false},"excerpt":{"rendered":"<p>Clip &#8220;La porte de l&#8217;inconnu&#8221; Un clip r\u00e9alis\u00e9 par Micha\u00ebl TerrazPour Le Cirque des Mirages avec arthur h.Production : @AliceCaron &#8211; Au pays des Merveilles ProductionChef Op\u00e9rateur : @NicolaDaMaquillage : Elodie BarratDanseuses : Oc\u00e9ane L\u00e9ger, M\u00e9gane Saboy-AlrexCom\u00e9dien : Pascal ParizotMusiciens\/circassiens : Julien Mnz, Yann Athanase, @DenisDenis, Jules Lefran\u00e7ois, Fran\u00e7ois Juarez, Guillaume DutrieuxMontage : Micha\u00ebl TerrazStoryboard &hellip; <\/p>\n<p class=\"link-more\"><a href=\"https:\/\/cirquedesmirages.fr\/?page_id=35\" class=\"more-link\">Continue reading<span class=\"screen-reader-text\"> &#8220;Vid\u00e9os&#8221;<\/span><\/a><\/p>\n","protected":false},"author":1,"featured_media":0,"parent":0,"menu_order":0,"comment_status":"closed","ping_status":"closed","template":"","meta":{"footnotes":""},"class_list":["post-35","page","type-page","status-publish","hentry"],"jetpack_sharing_enabled":true,"_links":{"self":[{"href":"https:\/\/cirquedesmirages.fr\/index.php?rest_route=\/wp\/v2\/pages\/35","targetHints":{"allow":["GET"]}}],"collection":[{"href":"https:\/\/cirquedesmirages.fr\/index.php?rest_route=\/wp\/v2\/pages"}],"about":[{"href":"https:\/\/cirquedesmirages.fr\/index.php?rest_route=\/wp\/v2\/types\/page"}],"author":[{"embeddable":true,"href":"https:\/\/cirquedesmirages.fr\/index.php?rest_route=\/wp\/v2\/users\/1"}],"replies":[{"embeddable":true,"href":"https:\/\/cirquedesmirages.fr\/index.php?rest_route=%2Fwp%2Fv2%2Fcomments&post=35"}],"version-history":[{"count":7,"href":"https:\/\/cirquedesmirages.fr\/index.php?rest_route=\/wp\/v2\/pages\/35\/revisions"}],"predecessor-version":[{"id":184,"href":"https:\/\/cirquedesmirages.fr\/index.php?rest_route=\/wp\/v2\/pages\/35\/revisions\/184"}],"wp:attachment":[{"href":"https:\/\/cirquedesmirages.fr\/index.php?rest_route=%2Fwp%2Fv2%2Fmedia&parent=35"}],"curies":[{"name":"wp","href":"https:\/\/api.w.org\/{rel}","templated":true}]}}

Vidéos

<p>Clip &#8220;La porte de l&#8217;inconnu&#8221;</p>



<figure class="wp-block-video"><video height="720" style="aspect-ratio: 1280 / 720;" width="1280" controls poster="http://cirquedesmirages.fr/wp-content/uploads/2024/01/Capture-decran-2024-01-16-a-09.25.48.png" src="http://cirquedesmirages.fr/wp-content/uploads/2024/01/La-porte-de-linconnu.mp4"></video></figure>



<p class="has-small-font-size">Un clip réalisé par <a href="https://www.facebook.com/micacreation?__cft__[0]=AZWeErYyiz1y5scMFRbvPj-VjMoHuxUKCQd4o4gHE9ey2pkW68d8YWpz1MWPvKKCIzjYU6dqYFbgkIs4zbNDTDe-Pfx5LbX0qI0YrNVZrJ1gD6sivAAJCczkc0Qw0q8Rzl-yEodxuvqpF-G5LdLDUyUqi_vL6V5T2i4JmgYExYUKG_jnZSDH2zKRz9UiKgorawc&amp;__tn__=-]K-R" target="_blank" rel="noreferrer noopener">Michaël Terraz</a><br>Pour <a href="https://www.facebook.com/CirqueDesMirages?__cft__[0]=AZWeErYyiz1y5scMFRbvPj-VjMoHuxUKCQd4o4gHE9ey2pkW68d8YWpz1MWPvKKCIzjYU6dqYFbgkIs4zbNDTDe-Pfx5LbX0qI0YrNVZrJ1gD6sivAAJCczkc0Qw0q8Rzl-yEodxuvqpF-G5LdLDUyUqi_vL6V5T2i4JmgYExYUKG_jnZSDH2zKRz9UiKgorawc&amp;__tn__=-]K-R" target="_blank" rel="noreferrer noopener">Le Cirque des Mirages</a> avec <a href="https://www.facebook.com/arthurhofficial?__cft__[0]=AZWeErYyiz1y5scMFRbvPj-VjMoHuxUKCQd4o4gHE9ey2pkW68d8YWpz1MWPvKKCIzjYU6dqYFbgkIs4zbNDTDe-Pfx5LbX0qI0YrNVZrJ1gD6sivAAJCczkc0Qw0q8Rzl-yEodxuvqpF-G5LdLDUyUqi_vL6V5T2i4JmgYExYUKG_jnZSDH2zKRz9UiKgorawc&amp;__tn__=-]K-R" target="_blank" rel="noreferrer noopener">arthur h.</a><br>Production : @AliceCaron &#8211; Au pays des Merveilles Production<br>Chef Opérateur : @NicolaDa<br>Maquillage : Elodie Barrat<br>Danseuses : <a href="https://www.facebook.com/profile.php?id=100008979977723&amp;__cft__[0]=AZWeErYyiz1y5scMFRbvPj-VjMoHuxUKCQd4o4gHE9ey2pkW68d8YWpz1MWPvKKCIzjYU6dqYFbgkIs4zbNDTDe-Pfx5LbX0qI0YrNVZrJ1gD6sivAAJCczkc0Qw0q8Rzl-yEodxuvqpF-G5LdLDUyUqi_vL6V5T2i4JmgYExYUKG_jnZSDH2zKRz9UiKgorawc&amp;__tn__=-]K-R" target="_blank" rel="noreferrer noopener">Océane Léger</a>, Mégane Saboy-Alrex<br>Comédien : <a href="https://www.facebook.com/06a4550b40f7e5965b398d71c5132dab?__cft__[0]=AZWeErYyiz1y5scMFRbvPj-VjMoHuxUKCQd4o4gHE9ey2pkW68d8YWpz1MWPvKKCIzjYU6dqYFbgkIs4zbNDTDe-Pfx5LbX0qI0YrNVZrJ1gD6sivAAJCczkc0Qw0q8Rzl-yEodxuvqpF-G5LdLDUyUqi_vL6V5T2i4JmgYExYUKG_jnZSDH2zKRz9UiKgorawc&amp;__tn__=-]K-R" target="_blank" rel="noreferrer noopener">Pascal Parizot</a><br>Musiciens/circassiens : Julien Mnz, Yann Athanase, @DenisDenis, Jules Lefrançois, François Juarez, Guillaume Dutrieux<br>Montage : <a href="https://www.facebook.com/micacreation?__cft__[0]=AZWeErYyiz1y5scMFRbvPj-VjMoHuxUKCQd4o4gHE9ey2pkW68d8YWpz1MWPvKKCIzjYU6dqYFbgkIs4zbNDTDe-Pfx5LbX0qI0YrNVZrJ1gD6sivAAJCczkc0Qw0q8Rzl-yEodxuvqpF-G5LdLDUyUqi_vL6V5T2i4JmgYExYUKG_jnZSDH2zKRz9UiKgorawc&amp;__tn__=-]K-R" target="_blank" rel="noreferrer noopener">Michaël Terraz</a><br>Storyboard : <a href="https://www.facebook.com/micacreation?__cft__[0]=AZWeErYyiz1y5scMFRbvPj-VjMoHuxUKCQd4o4gHE9ey2pkW68d8YWpz1MWPvKKCIzjYU6dqYFbgkIs4zbNDTDe-Pfx5LbX0qI0YrNVZrJ1gD6sivAAJCczkc0Qw0q8Rzl-yEodxuvqpF-G5LdLDUyUqi_vL6V5T2i4JmgYExYUKG_jnZSDH2zKRz9UiKgorawc&amp;__tn__=-]K-R" target="_blank" rel="noreferrer noopener">Michaël Terraz</a><br>Directeur d’animation Igor Tsvetkov<br>Artistes animation Igor Tsvetkov et Anton Fedoseev<br>Texte : Yanowski<br>Musique : <a href="https://www.facebook.com/fredparkeraliotti?__cft__[0]=AZWeErYyiz1y5scMFRbvPj-VjMoHuxUKCQd4o4gHE9ey2pkW68d8YWpz1MWPvKKCIzjYU6dqYFbgkIs4zbNDTDe-Pfx5LbX0qI0YrNVZrJ1gD6sivAAJCczkc0Qw0q8Rzl-yEodxuvqpF-G5LdLDUyUqi_vL6V5T2i4JmgYExYUKG_jnZSDH2zKRz9UiKgorawc&amp;__tn__=-]K-R" target="_blank" rel="noreferrer noopener">Fred Parker Aliotti</a> / Yanowski<br>Arrangements et direction d’orchestre : Fred Parker Aliotti<br>Avec le soutien du @CNC &#8211; Centre National de l’image et du jeu vidéo</p>



<p class="has-small-font-size"><a href="https://www.youtube.com/channel/UCFJAAXsytIFXSl0NQY3nk_A" data-type="URL" data-id="https://www.youtube.com/channel/UCFJAAXsytIFXSl0NQY3nk_A" target="_blank" rel="noreferrer noopener">La chaîne YouTube du Cirque des Mirages</a></p>



<figure class="wp-block-embed is-type-video is-provider-youtube wp-block-embed-youtube wp-embed-aspect-16-9 wp-has-aspect-ratio"><div class="wp-block-embed__wrapper">
<iframe loading="lazy" title="Le cirque des mirages - C&#039;est encore nous LIVE" width="525" height="295" src="https://www.youtube.com/embed/kyceyDNoM7s?feature=oembed" frameborder="0" allow="accelerometer; autoplay; clipboard-write; encrypted-media; gyroscope; picture-in-picture; web-share" referrerpolicy="strict-origin-when-cross-origin" allowfullscreen></iframe>
</div></figure>



<figure class="wp-block-embed is-type-video is-provider-youtube wp-block-embed-youtube wp-embed-aspect-4-3 wp-has-aspect-ratio"><div class="wp-block-embed__wrapper">
<iframe loading="lazy" title="Le Cirque des Mirages - L&#039;amour à mort (live)" width="525" height="394" src="https://www.youtube.com/embed/uPT7LNbBN54?feature=oembed" frameborder="0" allow="accelerometer; autoplay; clipboard-write; encrypted-media; gyroscope; picture-in-picture; web-share" referrerpolicy="strict-origin-when-cross-origin" allowfullscreen></iframe>
</div></figure>



<figure class="wp-block-embed is-type-video is-provider-youtube wp-block-embed-youtube wp-embed-aspect-16-9 wp-has-aspect-ratio"><div class="wp-block-embed__wrapper">
<iframe loading="lazy" title="Le Cirque des Mirages - Le Trou Dans La Tête" width="525" height="295" src="https://www.youtube.com/embed/neNGjd7fYrA?feature=oembed" frameborder="0" allow="accelerometer; autoplay; clipboard-write; encrypted-media; gyroscope; picture-in-picture; web-share" referrerpolicy="strict-origin-when-cross-origin" allowfullscreen></iframe>
</div></figure>



<figure class="wp-block-embed is-type-video is-provider-youtube wp-block-embed-youtube wp-embed-aspect-4-3 wp-has-aspect-ratio"><div class="wp-block-embed__wrapper">
<iframe loading="lazy" title="Le Cirque des Mirages - Le fonctionnaire (live)" width="525" height="394" src="https://www.youtube.com/embed/zXgh0dDpQx4?feature=oembed" frameborder="0" allow="accelerometer; autoplay; clipboard-write; encrypted-media; gyroscope; picture-in-picture; web-share" referrerpolicy="strict-origin-when-cross-origin" allowfullscreen></iframe>
</div></figure>

<p>Clip &#8220;La porte de l&#8217;inconnu&#8221; Un clip réalisé par Michaël TerrazPour Le Cirque des Mirages avec arthur h.Production : @AliceCaron &#8211; Au pays des Merveilles ProductionChef Opérateur : @NicolaDaMaquillage : Elodie BarratDanseuses : Océane Léger, Mégane Saboy-AlrexComédien : Pascal ParizotMusiciens/circassiens : Julien Mnz, Yann Athanase, @DenisDenis, Jules Lefrançois, François Juarez, Guillaume DutrieuxMontage : Michaël TerrazStoryboard &hellip; </p>
<p class="link-more"><a href="https://cirquedesmirages.fr/?page_id=35" class="more-link">Continue reading<span class="screen-reader-text"> &#8220;Vidéos&#8221;</span></a></p>
